{"id":77,"date":"2026-01-12T17:14:49","date_gmt":"2026-01-12T16:14:49","guid":{"rendered":"https:\/\/maths.univ-amu.fr\/licence-maths\/?page_id=77"},"modified":"2026-01-19T08:48:30","modified_gmt":"2026-01-19T07:48:30","slug":"parcours-mathematiques","status":"publish","type":"page","link":"https:\/\/maths.univ-amu.fr\/licence-maths\/parcours-mathematiques\/","title":{"rendered":"Parcours Math\u00e9matiques"},"content":{"rendered":"\n<p style=\"font-style:normal;font-weight:400\">C&rsquo;est le parcours principal qui permet d\u2019obtenir un dipl\u00f4me de licence de math\u00e9matiques classique, et celui suivi par la majorit\u00e9 des \u00e9tudiants de licence. Les 2 premi\u00e8res ann\u00e9es sont communes avec les autres parcours, la diff\u00e9rence se faisant en L3. <\/p>\n\n\n\n<p style=\"font-style:normal;font-weight:400\">Depuis la derni\u00e8re r\u00e9forme du concours du CAPES en 2025, ce parcours poss\u00e8de une variation pour les \u00e9tudiants qui souhaitent pr\u00e9parer le concours du CAPES pour le passer pendant l&rsquo;ann\u00e9e de L3 (les \u00e9crits sont lieu cette ann\u00e9e les 18 et 19 mars 2026), avec des enseignements sp\u00e9cifiques pour travailler les \u00e9preuves d&rsquo;\u00e9crit et d&rsquo;oral.<\/p>\n\n\n\n<p style=\"font-style:normal;font-weight:400\">La L3 du parcours Math\u00e9matiques n&rsquo;est propos\u00e9e que sur le campus de St-Charles et en t\u00e9l\u00e9-enseignement. Les d\u00e9bouch\u00e9s possibles \u00e0 la fin de ce parcours sont les m\u00eames que ceux possibles en fin de <a style=\"text-decoration: none;\" href=\"https:\/\/maths.univ-amu.fr\/licence-maths\/parcours-maths-approfondies\/\" data-type=\"page\" data-id=\"86\"><strong>parcours Math\u00e9matiques Approfondies<\/strong><\/a>.<\/p>\n\n\n\n<p style=\"padding-top:var(--wp--preset--spacing--30);padding-bottom:var(--wp--preset--spacing--30)\">Voici les maquettes de ce parcours et de la version \u00ab\u00a0pr\u00e9pa CAPES\u00a0\u00bb :<\/p>\n\n\n\n<div class=\"wp-block-buttons is-content-justification-center is-layout-flex wp-container-core-buttons-is-layout-a89b3969 wp-block-buttons-is-layout-flex\">\n<div class=\"wp-block-button\"><a class=\"wp-block-button__link wp-element-button\" href=\"https:\/\/maths.univ-amu.fr\/licence-maths\/257-2\/\">Maquettes <\/a><\/div>\n<\/div>\n\n\n\n<figure class=\"wp-block-image size-full\" style=\"margin-top:var(--wp--preset--spacing--50);margin-bottom:var(--wp--preset--spacing--50)\"><img loading=\"lazy\" decoding=\"async\" width=\"930\" height=\"256\" src=\"https:\/\/maths.univ-amu.fr\/licence-maths\/wp-content\/uploads\/2026\/01\/luminy3.jpg\" alt=\"\" class=\"wp-image-83\" srcset=\"https:\/\/maths.univ-amu.fr\/licence-maths\/wp-content\/uploads\/2026\/01\/luminy3.jpg 930w, https:\/\/maths.univ-amu.fr\/licence-maths\/wp-content\/uploads\/2026\/01\/luminy3-300x83.jpg 300w, https:\/\/maths.univ-amu.fr\/licence-maths\/wp-content\/uploads\/2026\/01\/luminy3-768x211.jpg 768w\" sizes=\"auto, (max-width: 930px) 100vw, 930px\" \/><\/figure>\n","protected":false},"excerpt":{"rendered":"<p>C&rsquo;est le parcours principal qui permet d\u2019obtenir un dipl\u00f4me de licence de math\u00e9matiques classique, et celui suivi par la majorit\u00e9 des \u00e9tudiants de licence. Les 2 premi\u00e8res ann\u00e9es sont communes avec les autres parcours, la diff\u00e9rence se faisant en L3. Depuis la derni\u00e8re r\u00e9forme du concours du CAPES en 2025, ce parcours poss\u00e8de une variation [&hellip;]<\/p>\n","protected":false},"author":2,"featured_media":0,"parent":0,"menu_order":0,"comment_status":"closed","ping_status":"closed","template":"mod-le-personnalis","meta":{"footnotes":""},"class_list":["post-77","page","type-page","status-publish","hentry"],"_links":{"self":[{"href":"https:\/\/maths.univ-amu.fr\/licence-maths\/wp-json\/wp\/v2\/pages\/77","targetHints":{"allow":["GET"]}}],"collection":[{"href":"https:\/\/maths.univ-amu.fr\/licence-maths\/wp-json\/wp\/v2\/pages"}],"about":[{"href":"https:\/\/maths.univ-amu.fr\/licence-maths\/wp-json\/wp\/v2\/types\/page"}],"author":[{"embeddable":true,"href":"https:\/\/maths.univ-amu.fr\/licence-maths\/wp-json\/wp\/v2\/users\/2"}],"replies":[{"embeddable":true,"href":"https:\/\/maths.univ-amu.fr\/licence-maths\/wp-json\/wp\/v2\/comments?post=77"}],"version-history":[{"count":12,"href":"https:\/\/maths.univ-amu.fr\/licence-maths\/wp-json\/wp\/v2\/pages\/77\/revisions"}],"predecessor-version":[{"id":295,"href":"https:\/\/maths.univ-amu.fr\/licence-maths\/wp-json\/wp\/v2\/pages\/77\/revisions\/295"}],"wp:attachment":[{"href":"https:\/\/maths.univ-amu.fr\/licence-maths\/wp-json\/wp\/v2\/media?parent=77"}],"curies":[{"name":"wp","href":"https:\/\/api.w.org\/{rel}","templated":true}]}}